-508 - 380. Let w be x/(-16)*2/3. Suppose 5*g = -15, r = 2*g + g + w. What is the tens digit of r?
2
Let r(a) = 9 - 1 - 7. Let q(w) = w**2 - 2*w - 4. Let c(n) = q(n) + 2*r(n). What is the units digit of c(4)?
6
Let n = -2 - -24. Let a = n - -29. What is the tens digit of a?
5
Let y be 4/(-14) - 1956/(-84). Suppose -5*j + 2*s + y = s, 5 = -j - 3*s. Let f = 19 + j. What is the units digit of f?
3
Suppose 0 = -34*n + 29*n + 105. Suppose 0 = 5*w - 5*q + 155, 2*w + 75 - 15 = 4*q. Let v = n - w. What is the tens digit of v?
5
Let j(r) = -r**3 + 13*r**2 - 7*r + 8. Let u be j(14). What is the tens digit of (5/(-2))/(11/u)?
6
Suppose 6*o - 9*o - 5*z + 777 = 0, 5*o + 2*z = 1295. What is the tens digit of o?
5
Let h(a) = 471*a**2 + 5*a - 6. What is the units digit of h(1)?
0
Let k = 372 - 240. Suppose -87*o + 90*o + 222 = 0. Let q = o + k. What is the units digit of q?
8
Suppose 0 = -6*b + 5*b + 11. Suppose 4*o - 4*i + 37 = -5*i, -3*i - 3 = 0. Let y = b + o. What is the units digit of y?
2
Suppose 132 = z - 505. What is the hundreds digit of z?
6
Suppose -2*d = 2*d - 324. Let b = 135 - d. Let x = b + -32. What is the tens digit of x?
2
Suppose 29*c - 26*c - 5*r - 59 = 0, 5*c = -4*r + 86. What is the units digit of c?
8
Let m = 7292 - 5085. What is the thousands digit of m?
2
Suppose 41*x - 114675 = -34*x. What is the thousands digit of x?
1
Let v(f) = f**2 - 2*f + 7. Let q be v(3). Let o = q + 151. What is the hundreds digit of o?
1
Let x(j) = 57*j**2 - 18*j - 49. What is the units digit of x(-3)?
8
Let j(f) = 34*f**2 + 2*f - 1. Let g be j(1). Let y be 24/(-132) - g/(-11). Suppose -4*m + y*w + 160 = -w, 0 = -3*w - 3. What is the units digit of m?
9
Let q(w) = 18*w**2 + 11*w + 25. What is the units digit of q(-4)?
9
Let o(h) be the first derivative of -h**4/4 - 11*h**3/3 - 6*h**2 - h + 6. Let g(u) = -10*u**2. Let i be g(-1). What is the units digit of o(i)?
9
Let i(j) = j**2 + 15*j + 18. Let y be i(-10). Let v(m) = m**3 - 10*m**2 - 2*m - 11. Let f be v(10). Let a = f - y. What is the units digit of a?
1
Let s be 4 + (-5)/1 - 4. Let l(v) = 3*v**2 + 8*v + 5. What is the units digit of l(s)?
0
Let m = 9 + -5. Let z be 209/57 + 3/(18/(-4)). Suppose -z*s = p + 2*p - 135, 0 = -m*p - 2*s + 178. What is the units digit of p?
4
Let a(y) = 28*y + 4. Let p be a(3). Let h = -46 + p. What is the tens digit of h?
4
Suppose -2*o + 1 = -2*n + 17, -4*n + 5*o + 36 = 0. Suppose n*a - 74 = -2*w, 5*w - a = 3*a + 227. What is the tens digit of w?
4
Suppose 5*p - 4*p - 5*o = 286, 0 = -5*p - 4*o + 1575. What is the tens digit of p?
1
Let a(z) = z**3 - 35*z**2 + 34*z + 64. What is the tens digit of a(36)?
8
Suppose -102 = -2*c + 64. Let m = c + -46. What is the units digit of m?
7
Let m be (-1)/(56/49 - 1). Let c(b) = 4*b + 2. Let a be c(2). Let f = m + a. What is the units digit of f?
3
Let j(d) = -d**2 + 15*d + 3. Let t be j(15). Suppose -7*w = t*w - 770. What is the tens digit of w?
7
Suppose 3*x = 3*k - 0*k - 18, 4*k - 36 = x. Let r be 8/k*(-90)/4. What is the tens digit of (-2)/(-3) + (-654)/r?
3
Let v(b) = b**2 - 15*b + 17. Let q be v(14). Let t be q/(-4) - (-750)/40. Suppose 2*p - 3*p - 5*i = -t, 5*p - 2*i - 117 = 0. What is the tens digit of p?
2
Let y(n) be the second derivative of n**4/2 + n**3/3 - n**2/2 - 7*n. Let o be y(4). Let x = -64 + o. What is the units digit of x?
9
What is the units digit of 144080/64 - 20/16?
0
Suppose 3*y + 17 - 279 = -4*c, 2*y = -3*c + 176. Let m = y - 30. What is the units digit of m?
2
Suppose 5*w - 15 = -0*w. Suppose i - 11 = -w. What is the units digit of i?
8
Let j be ((-4)/6)/(2/(-12)). Let w(q) = 7 + 4*q - j + 1. What is the tens digit of w(7)?
3
Suppose -8992 = -9*r + 16082. What is the thousands digit of r?
2
Let q(h) = -6*h**3 + 8*h**2 + 14*h + 14. What is the units digit of q(-7)?
6
Suppose -3*s = -8*s + 15. Suppose s*w + 5 = 56. Let r = w + -9. What is the units digit of r?
8
Suppose 0*v = 3*v + 2*v. Suppose -l + 3*l = -5*y + 196, v = 3*l + 3*y - 303. What is the tens digit of l?
0
Suppose 2*n + 9*l = 4*l + 4422, -2*n + 2*l = -4394. What is the hundreds digit of n?
2
Let i(c) = -34*c + 13. Let v(w) = -170*w + 65. Let s(g) = -11*i(g) + 2*v(g). What is the tens digit of s(2)?
5
Suppose 3*i + 2*d + 2 = 0, 0 = -0*i + 2*i - 4*d + 12. What is the units digit of (-116)/i + 11 + -14?
5
Let d(y) = 0 - 4 - 3 + 2*y + y**2. Let c be d(6). Suppose 0 = -4*j - 1 + c. What is the tens digit of j?
1
Let h(d) = d + 11. Let g be ((-1)/(-2))/((-3)/(-18)). Let b(m) = m + 1. Let l be b(g). What is the tens digit of h(l)?
1
What is the hundreds digit of 0 - -122*(-1131)/(-26)?
3
Let h(j) = 2*j**3 - 15*j**2 + 6*j + 13. Let w be h(7). Let b(p) = 3 + p**2 - 2 - 2 + 3. What is the tens digit of b(w)?
3
Let h(a) = -a**2 - 13*a - 24. Let r(x) = -x - 1. Let u(c) = -h(c) + r(c). What is the units digit of u(-13)?
6
Let r(a) = 1 - 5 - 14*a + 0 + 3. What is the units digit of r(-2)?
7
Suppose q + 2*q + 5*b + 30 = 0, 0 = 3*q - 5*b. Let c be (-3)/(-6)*(-5 - q). Suppose c = -3*o + 3*t + 129, -2*t - t = 5*o - 207. What is the units digit of o?
2
Suppose -2*w + 3*m + 40 = 3*w, 3*m = -w - 10. Suppose 56 = -3*s + 2*b, s + w*b = 2*b - 26. Let r = s - -28. What is the units digit of r?
8
Let j = -26 - -26. Suppose j*o - 12 = -2*o. Suppose o*n - 84 = 3*n. What is the units digit of n?
8
Suppose 2*k - k = 17. Let c be (k/51)/(2/6). What is the tens digit of (c + -10 - 2)*-4?
4
Let q = 647 + 232. What is the hundreds digit of q?
8
Suppose 0*z = k - 3*z - 274, -836 = -3*k + 2*z. What is the units digit of k?
0
Let g(k) = 2*k - 6. Let p be g(9). Let z = 64 + p. What is the units digit of z?
6
Suppose -14121 = -17*k - 2544. What is the tens digit of k?
8
Let i be (12/9)/(16/60). Let q(u) = -2*u - 6. Let s be q(-3). Suppose -i*n + 65 = 3*x - 59, s = 5*x - 5*n - 140. What is the units digit of x?
3
Suppose -3*y + 0 = 3. Let d(p) = -205*p + 3. Let m be d(y). Suppose 8*g - m = -0*g. What is the tens digit of g?
2
What is the hundreds digit of (-8)/12*(-3780)/24?
1
Let t be (-8)/6*(-6)/(-4). Let c(a) = a**2 + 1. Let p be c(t). Suppose 1 + 29 = p*m. What is the units digit of m?
6
Let l(b) = -3*b**2 - 12*b - 21. Let r be l(-8). Let m = r - -121. What is the units digit of m?
4
Let x(y) = -y**2 - 8*y. Let q be x(-8). Suppose 4*m - 131 - 125 = q. What is the units digit of m?
4
Let h = -1 - -5. Let s = h + -4. Suppose s = -3*v - 4 - 11, o - 41 = 3*v. What is the tens digit of o?
2
Let n = -5 + -6. Let w = -6 - n. Suppose -w*u = -5*v - 70, -u = u - 3*v - 33. What is the units digit of u?
9
Let d = -28 + 2. Let y = -67 - d. Let i = 78 + y. What is the units digit of i?
7
Let c(a) = 25*a**2 + 9*a - 75. What is the thousands digit of c(12)?
3
Let j(n) = -n**3 + 5*n**2 + 10*n - 9. Let y(a) = a**3 - a**2 - 1. Let d be y(2). Suppose d*s + 21 = 3*p, -s - 10 = -2*p - 3*s. What is the units digit of j(p)?
5
Suppose 6*t - 4*t + 12 = 0. Let x = t + 8. What is the units digit of 9*((2 - x) + 2)?
8
Suppose 6*j - 210 = -12. Let s = j - 31. Suppose s*r - 111 = -5*n, -n + 2 = -r - 16. What is the units digit of n?
1
Let w be (26/(-39))/(2/111 - 0). What is the tens digit of (2/5)/(w/(-1480))?
1
Let s(v) = 82*v**3 - v**2 - 2*v + 2. Let y be s(1). Suppose 69 = -2*c + 3*f, -3*c = -0*f + 3*f + y. What is the units digit of 2/(-6) - 1930/c?
4
What is the hundreds digit of -9078*2/(-18)*3?
0
Let l(b) = -5*b**3 - 2*b**2 - 4*b - 3. Let w be l(-1). What is the hundreds digit of 44416/192 - (-1 + w/3)?
2
Let u = 2 + -30. Let i = u + 118. What is the tens digit of i?
9
Suppose -468 + 2294 = 11*n. What is the tens digit of n?
6
Let x(k) = -k**3 - 13*k**2 - 2. Let f be x(-13). Let l(r) = r**2 + 9*r + 11. Let u be l(-9). Let n = f + u. What is the units digit of n?
9
Suppose 62*y - 83*y = -15498. What is the units digit of y?
8
Let b = 409 - -818. What is the units digit of b?
7
Let l(c) = -51*c - 16. Let d(v) = -10*v - 3. Let q(m) = -11*d(m) + 2*l(m). Let a be q(3). Let j = a + -7. What is the units digit of j?
8
Let w = -38 + 27. Let z = w + -5. Let t(p) = p**2 + 15*p - 9. What is the units digit of t(z)?
7
Suppose 0 = 5*m + 2*t - 5616, -5*t + 2259 = -4*m + 6*m. What is the tens digit of m?
2
Let i be 0/2 - (5 + -9). Suppose -3*o = k - 86, i*k - 44 = -4*o + 2*o. What is the tens digit of o?
3
Let l = 1242 +